mposite?
True
Is 194013629 prime?
False
Is 17903103217 a prime number?
True
Is 264228929 prime?
False
Is 3707756867 composite?
False
Is 4973444317 prime?
True
Is 297293981 composite?
True
Is 1946040409 a composite number?
False
Is 3419053879 a composite number?
False
Is 15477251321 a prime number?
False
Is 11621531111 prime?
True
Is 5518511255 prime?
False
Is 10554665179 prime?
True
Is 178494473 prime?
True
Is 958833289 a prime number?
False
Is 261053237 a composite number?
False
Is 21428633953 a prime number?
False
Is 233386802921 composite?
False
Is 77495725561 a prime number?
True
Is 248665571923 composite?
False
Is 46172221619 a prime number?
True
Is 7197913111 composite?
True
Is 8003921257 a composite number?
True
Is 11430427 prime?
False
Is 39487716973 a composite number?
True
Is 10995763993 a prime number?
False
Is 23985914494 a prime number?
False
Is 1407253945 a composite number?
True
Is 7417552631 a prime number?
True
Is 1116202603 prime?
True
Is 20052844631 prime?
True
Is 3214160527 prime?
False
Is 2273709277 a composite number?
True
Is 29701049909 prime?
True
Is 13216209049 composite?
False
Is 237413507 a composite number?
False
Is 1317037367 composite?
False
Is 1393862693 composite?
False
Is 55736265691 a composite number?
True
Is 96669402209 composite?
False
Is 5909811491 prime?
True
Is 864285259 a composite number?
True
Is 12052532767 composite?
True
Is 815557151 a prime number?
True
Is 2784416749 a prime number?
True
Is 241288391 composite?
True
Is 22973797621 a composite number?
True
Is 16074665723 composite?
False
Is 10069882163 prime?
False
Is 1333145227 prime?
True
Is 23981649281 a prime number?
True
Is 6789404827 prime?
True
Is 91306168589 a prime number?
True
Is 1572470751 a prime number?
False
Is 13567253 a composite number?
True
Is 9640097381 prime?
True
Is 1269890539 composite?
False
Is 265893113 a composite number?
True
Is 4072181923 composite?
False
Is 1280108015 a prime number?
False
Is 2915953459 composite?
False
Is 314331671 a composite number?
False
Is 1694588153 a composite number?
True
Is 42512901001 composite?
False
Is 2965611347 prime?
False
Is 1694450471 prime?
False
Is 6373595377 a prime number?
True
Is 44843718259 composite?
True
Is 240693547403 prime?
True
Is 13263722245 prime?
False
Is 104479094977 a prime number?
False
Is 81200744897 composite?
True
Is 393428303 prime?
True
Is 3936851185 prime?
False
Is 5727275531 a composite number?
False
Is 56003131 prime?
True
Is 2630759141 a composite number?
True
Is 115291763 prime?
True
Is 323792185 a prime number?
False
Is 55413259 a composite number?
True
Is 4041058771 a prime number?
True
Is 443837941 a prime number?
False
Is 148957829 a composite number?
False
Is 588642019 a prime number?
False
Is 3128747 prime?
True
Is 844143439 a composite number?
False
Is 3574421761 composite?
True
Is 1619112367 a composite number?
True
Is 226982237 a prime number?
True
Is 2304496133 composite?
True
Is 2473323379 composite?
False
Is 152277046129 a composite number?
True
Is 335129131199 a composite number?
False
Is 783004887557 composite?
False
Is 4577411 a composite number?
False
Is 13903984693 a prime number?
True
Is 13904641867 prime?
True
Is 19235458003 a prime number?
False
Is 701371423 prime?
False
Is 43696498631 composite?
True
Is 1398091067 composite?
True
Is 4633661278 a prime number?
False
Is 1083402259 prime?
True
Is 7073639927 composite?
False
Is 1336149233 composite?
False
Is 17263352317 composite?
True
Is 3187421951 a composite number?
True
Is 50502005887 prime?
True
Is 40275253 composite?
True
Is 221335867 a composite number?
False
Is 18721510961 prime?
True
Is 274537511 composite?
False
Is 1662378733 a composite number?
False
Is 243085621 prime?
True
Is 1502308187 prime?
True
Is 607733531 a prime number?
False
Is 43246221257 composite?
False
Is 2380774579 a prime number?
True
Is 6681009403 composite?
False
Is 305207297 prime?
False
Is 10105845643 prime?
True
Is 24375040111 prime?
True
Is 1530963971 composite?
True
Is 26580034697 composite?
False
Is 24050461619 prime?
True
Is 18019203231 prime?
False
Is 30699656573 a prime number?
True
Is 16323488323 a composite number?
False
Is 4130107651 a composite number?
False
Is 12876083081 prime?
False
Is 7889632631 a prime number?
True
Is 11064819143 prime?
False
Is 325127203 a composite number?
False
Is 512717923 a prime number?
False
Is 777393179 a prime number?
False
Is 1964893457 a prime number?
True
Is 835748899 prime?
True
Is 20239686997 a prime number?
True
Is 2121787903 prime?
False
Is 51620187719 composite?
False
Is 11993176291 a composite number?
True
Is 37688141099 composite?
True
Is 5048434331 a composite number?
False
Is 542946823 a prime number?
False
Is 46259229949 composite?
False
Is 1032700519 composite?
True
Is 170103409705 a prime number?
False
Is 127596251221 prime?
False
Is 8763895549 composite?
True
Is 120681344337 a composite number?
True
Is 1200811237 a composite number?
True
Is 876720695 a composite number?
True
Is 35538267931 a composite number?
False
Is 1385259727 composite?
False
Is 2079707051 a prime number?
False
Is 11757702211 a prime number?
False
Is 28135984007 prime?
True
Is 752635157 prime?
False
Is 5658926881 a prime number?
True
Is 416621981 a composite number?
False
Is 1601446951 prime?
False
Is 51215573 composite?
False
Is 537007547 composite?
False
Is 1220309403 prime?
False
Is 378440514919 prime?
False
Is 58132709 a prime number?
True
Is 516577541 composite?
True
Is 6683188901 a prime number?
False
Is 1784163817 a composite number?
False
Is 409577681 a composite number?
False
Is 4862335267 a composite number?
False
Is 618167051 prime?
True
Is 701734573 a prime number?
False
Is 3179099377 a prime number?
True
Is 11293708217 prime?
False
Is 30015132757 a prime number?
False
Is 3726840961 a prime number?
True
Is 4325061283 a prime number?
False
Is 968452077 a prime number?
False
Is 39829989403 composite?
False
Is 270791942363 composite?
True
Is 238397039 a prime number?
False
Is 7201734601 a prime number?
True
Is 3033115769 a prime number?
False
Is 17560206569 a prime number?
True
Is 21336249527 prime?
False
Is 33375529007 prime?
False
Is 1421213273 a prime number?
True
Is 3835592294 prime?
False
Is 3337776973 a prime number?
False
Is 11101500127 prime?
True
Is 3829199518 composite?
True
Is 35006976581 a prime number?
False
Is 275387713 composite?
False
Is 2515305821 a prime number?
False
Is 94761636821 a prime number?
False
Is 85160110093 prime?
False
Is 10309312813 a prime number?
True
Is 3981618077 a prime number?
True
Is 1266774811 a composite number?
False
Is 7512796933 a prime number?
True
Is 50216373299 composite?
True
Is 161889697 a composite number?
True
Is 819452506 prime?
False
Is 1486046099 a composite number?
False
Is 3498745769 composite?
False
Is 2259927547 prime?
False
Is 1932472831 a composite number?
True
Is 8961279967 prime?
False
Is 98090428481 a prime number?
False
Is 57375314981 a composite number?
True
Is 41212435337 a composite number?
True
Is 22797710213 composite?
False
Is 948058415 a composite number?
True
Is 3350532923 prime?
False
Is 344921149 a prime number?
True
Is 6800956681 a composite number?
False
Is 6601702235 prime?
False
Is 10823173723 a prime number?
False
Is 21011541709 prime?
False
Is 559137907 prime?
True
Is 825623791 prime?
False
Is 48660629317 a prime number?
True
Is 1315522451 composite?
False
Is 24335363461 prime?
True
Is 616069309 prime?
True
Is 1132548191 prime?
True
Is 47090670041 composite?
True
Is 46304291 a prime number?
False
Is 62195953 composite?
False
Is 3510279979 a prime number?
False
Is 22264753271 prime?
False
Is 1935210757 composite?
True
Is 1116023627 composite?
True
Is 30326809091 prime?
False
Is 13296220849 prime?
True
Is 1631573653 prime?
True
Is 22398063917 composite?
False
Is 340525121 a prime number?
True
Is 34689754537 a prime number?
False
Is 26800775669 composite?
False
Is 559236061 a composite number?
False
Is 675793507 prime?
False
Is 3976654999 a composite number?
False
Is 10494645131 composite?
True
Is 50900223427 prime?
True
Is 71068913 composite?
True
Is 16384567 a composite number?
True
Is 49897966961 composite?
False
Is 13101149419 composite?
False
Is 266229289 prime?
False
Is 10282505377 a composit